s) = 4*b(s) + y(s). What are the prime factors of w(-8)?
3
Let r = 39 - -26. List the prime factors of r.
5, 13
Let d = 14 - 9. Suppose -s - 10 + 2 = -d*a, a = s. List the prime factors of s.
2
Let p = -5 - -6. Let s = -1 + p. Suppose s = -4*j - 4*d + 32, -3*j = -5*d + 3*d - 24. List the prime factors of j.
2
Let h(t) = -3*t + 4. Let w be h(6). Let u = 23 + w. Suppose -3*n + 6 = -u. List the prime factors of n.
5
Let q be 15 + 1 - 2/1. Let s be q/(-6)*(-3 - 0). Suppose s = x - 3. List the prime factors of x.
2, 5
Suppose 9 = g - 6. What are the prime factors of g?
3, 5
Suppose -t = t - 12. List the prime factors of t.
2, 3
Let a(g) = -g**3 + g. Let d be a(-1). Let m be 2 + 0 + d - 1. What are the prime factors of (-2 - -7*1) + m?
2, 3
Suppose -2*q - 4 = 0, s + 5*q + 2 = -56. Let z be (s/2)/(3/(-2)). Suppose -z = -w - w. What are the prime factors of w?
2
Suppose 2*z - 4*j - 42 = 56, -z + 55 = 4*j. What are the prime factors of z?
3, 17
Suppose -4*b + 4*s = -36, b = -0*b + 3*s + 1. List the prime factors of b.
13
Let u(k) = -3*k + 2. Let l be u(-6). Suppose -2*o - l = -7*o. Let q = o - -7. List the prime factors of q.
11
Let h be 12/8*(-8)/(-6). Let d be (136 + (h - 2))/1. What are the prime factors of d/10 + 6/15?
2, 7
Suppose 5 = -3*f - 4*h - 3, 2*h - 24 = 2*f. Let z(c) = -3*c**3 - 9*c**2 - 6 + 2*c**3 - 4*c - 6*c. List the prime factors of z(f).
2, 5
Suppose 45 = 5*v - 30. Suppose 0*w - v = -w. Suppose -2*u + o + 0*o + w = 0, 5*u = 5*o + 40. What are the prime factors of u?
7
Let y be (-14 + 0)*(-2)/4. Suppose 3 = 5*q - y. Suppose -q*n - 2*n = -12. List the prime factors of n.
3
Suppose 0 = 4*i + 10 + 6, -3*s + 5 = i. Suppose 5*x + n = -27 + 172, 4*n = -x + 10. Suppose -s*r - 2*r = -x. List the prime factors of r.
2, 3
Suppose 0 = -3*i + 3*n - 0*n + 96, -159 = -5*i + 4*n. List the prime factors of i.
31
Let n(j) = j + 10. Let w be n(-7). Let g(d) = 3*d + 3. List the prime factors of g(w).
2, 3
Let y = 13 - 3. Let k = -1 + 6. Let q = y - k. List the prime factors of q.
5
Let u(h) = -h**3 + 3*h**2 - h. Let l be u(2). Suppose -4 = q - 3. Let b = l - q. What are the prime factors of b?
3
List the prime factors of (-4 + -1 + 3)/((-6)/471).
157
Let r(u) = 18*u**2 - 8*u + 4. What are the prime factors of r(3)?
2, 71
Let o(f) = 5*f**2 + 2*f + 5. Let q be o(4). List the prime factors of q/9 + 3/(-9).
2, 5
Suppose 0*r + 4*r - 12 = 0. Suppose -q = r*q - 32. Suppose 30 = 2*j + q. What are the prime factors of j?
11
Let j be (4 - -1)*204/30. Let s = 48 - j. What are the prime factors of s?
2, 7
Suppose 4 = 4*p, -2*m - 47 = 4*p - 139. What are the prime factors of m?
2, 11
Suppose 3*a = 71 + 121. List the prime factors of a.
2
Suppose 15*f - 80 = 20*f. List the prime factors of (0 - f)*(-14)/(-4).
2, 7
Suppose r = -r - 5*u - 41, 0 = r - 3*u + 4. List the prime factors of (-1)/((-3)/9) - r.
2
Let c = -41 - -88. What are the prime factors of c?
47
Let w(b) = 3*b**2 - 3*b + 7. Let d be w(5). Let m = d + -47. List the prime factors of m.
2, 5
Suppose -o + 6 = o. Suppose -12 = -4*k + o*k. What are the prime factors of k?
2, 3
Let d(x) = x**2 + 4. Let k be d(0). Let r be k/12 + 5/3. Suppose -s + 1 = 0, -l + s + s + r = 0. List the prime factors of l.
2
Let c(q) = 29*q - 2. Let p be 0/(-4) + (1 - 0). What are the prime factors of c(p)?
3
Let x(s) = -s + 15*s**2 - 3*s**3 - 5*s - 5*s**2. Let h(a) = 5*a**3 - 19*a**2 + 12*a + 1. Let y(u) = 4*h(u) + 7*x(u). List the prime factors of y(-7).
11
Suppose 0 = -g - 4*g + 605. What are the prime factors of g?
11
Suppose -2*c + 42 = -2*m, -2*c - 2*m + 0*m + 58 = 0. Suppose 0 = 3*t - 5*y - c, 0 = -3*y + 6 + 6. List the prime factors of t.
3, 5
Let k be (-6)/27 + 4/18. Let q(j) = k - 5*j + 5 + 4*j. What are the prime factors of q(-6)?
11
Suppose 18 = 3*k + 3*p, 8*p - 3*p - 27 = -4*k. What are the prime factors of k?
3
Suppose 8*g = 5*g. Suppose -5*o + 4*q + 132 = g, -3*o - q + 0*q + 69 = 0. List the prime factors of o.
2, 3
Suppose -10 = -f - 4*s - 2, -4 = f - 2*s. What are the prime factors of 1 - (f + 2) - -4?
3
Suppose 3*c - 94 = -5*v + 2*c, 4*v + 4*c = 88. What are the prime factors of v?
2, 3
Let h(j) = 4*j - 12. Let c = 12 + -7. List the prime factors of h(c).
2
Let o(d) be the first derivative of d**3/3 - 3*d**2 + 2*d - 1. Suppose h - 21 = -14. List the prime factors of o(h).
3
Let w be 6/((-3)/6 + 2). Suppose 0 = -3*n + 32 + w. What are the prime factors of n?
2, 3
Let h(j) = j**2 - 3*j - 5. Let p(c) = -6*c**2 + 1. Let b be p(-1). What are the prime factors of h(b)?
5, 7
What are the prime factors of -4*19*24/(-32)?
3, 19
Let o(i) = -i**2 + 12*i - 14. Let w be o(11). Let t(z) = 2*z**2 - 3*z + 3. List the prime factors of t(w).
2, 3, 5
Suppose -10 - 4 = -2*j - 5*h, 5*j - h - 62 = 0. Let r be 6/(-2)*(-8)/j. Suppose r*i + 14 - 36 = 0. What are the prime factors of i?
11
Suppose g + 490 = 3*g. What are the prime factors of g?
5, 7
Suppose 5*n = 5*y - 175, 2*y + 27 = -n + 100. List the prime factors of y.
2, 3
Suppose 6*d = 3*d + 411. What are the prime factors of d?
137
Let a(d) be the third derivative of d**5/60 + d**4/24 - d**3/2 - 3*d**2. What are the prime factors of a(-5)?
17
Let c = 22 + -16. What are the prime factors of c?
2, 3
Suppose -5*d + q = -14, 0 = 3*d + 3*q - 2*q - 10. Suppose 2*s + d*s - 95 = 0. What are the prime factors of s?
19
Let j be 4 + -4 + 2 + -5. Let t(z) = 2*z**2 + 2*z - 3. Let w(a) = -3*a**2 - 3*a + 4. Let u(h) = -5*t(h) - 4*w(h). List the prime factors of u(j).
11
Let n(z) = -2*z - 6. Let t be n(6). List the prime factors of (t/27)/((-4)/78).
13
Let p(h) = h - 1. Let j(q) = -2*q**2 - 3*q + 2. Let b(k) = -j(k) - p(k). What are the prime factors of b(1)?
3
Let c = 11 - 8. Let f = c + -3. List the prime factors of 8 + -1 - (-1 - f).
2
Let v = 57 - -5. What are the prime factors of v?
2, 31
Let b be 4 - (-48 + 8/(-4)). Suppose 36 + b = 3*i. What are the prime factors of i?
2, 3, 5
Let g(c) = c**2 - 7*c + 47. What are the prime factors of g(18)?
5, 7
Suppose 0*f - 9*f = -1386. List the prime factors of f.
2, 7, 11
Suppose 0 = -w + 2*r + 168, -2*r = -0*w + 4*w - 642. What are the prime factors of w?
2, 3
Suppose 0 = -5*v + 10 + 5. Suppose 0 = -4*p + 4*x + 24, v*x + 48 = 5*p + 8. List the prime factors of -1*(-2 - -1)*p.
11
Let r = -3 + 5. Let k be 0/(-1) + -3 + r. List the prime factors of 0/k + (-27)/(-3).
3
Suppose 5*c = 2*o - o + 110, -c + 1 = 4*o. What are the prime factors of c?
3, 7
Let z be -3*(-1)/((-3)/2). Let s be (z + 19)*(0 - -1). Let l = s + 3. List the prime factors of l.
2, 5
Let p(z) = -z**3 - 7*z**2 + 10. List the prime factors of p(-7).
2, 5
Suppose -2*n + 49 - 9 = 0. Let m = 57 - n. Let g = m - 26. What are the prime factors of g?
11
Let s(d) = -3*d + 2. List the prime factors of s(-6).
2, 5
Let k(i) = 4*i**2 - 8*i - 4. What are the prime factors of k(-3)?
2, 7
Let i be -2*(2 - (-3)/(-1)). Suppose 5*b = 2*r - 29, -6*r + 2*r - i = 2*b. Suppose 3*h + 5*l = 13, -r*l + 0 = 4*h - 22. List the prime factors of h.
2, 3
Suppose -3*b - 10 = -u, -5*u - 9 = 5*b + 1. What are the prime factors of (45 - (-2 + -1)) + b?
3, 5
Let u(r) = -3*r - 4*r - r**2 + 10 + 0*r. Let p be u(-8). Suppose -p*n - 5 = -37. What are the prime factors of n?
2
Let l(o) = 8*o**3 + o + 1. Let u be l(-1). What are the prime factors of (2 - -46)*(-4)/u?
2, 3
Suppose -6*d + d = -20. Suppose -2*u - 3*n - 14 = -d*u, u - 6 = n. Suppose -6 = -u*h + 10. List the prime factors of h.
2
Let z = 10 - 8. Suppose -3*d = -z - 34. What are the prime factors of d?
2, 3
Suppose 5*y = 2*y. Suppose y = -m + 3*m - 4. Suppose 5*z = 3*o - 46, -3*o + 38 = -m*z + z. What are the prime factors of o?
2, 3
Let v be (3/1)/3 - 0. Let g = -21 + v. Let b = g + 30. What are the prime factors of b?
2, 5
Suppose -2 = -3*c + 529. List the prime factors of c.
3, 59
Suppose -2*b + 4*r - 1 = -17, -2*b + r = -22. List the prime factors of b.
2, 3
Let j(b) = 6*b**2 - 3*b + 1. List the prime factors of j(2).
19
Suppose -c + 12 = -2. Suppose -3*j + c = 2*v, -4*j = -2*v - 12 - 16. List the prime factors of j.
2, 3
Let r = 18 + -13. Suppose -3*t - 8 = -4*t + r*p, t - p - 16 = 0. List the prime factors of t.
2, 3
Let u(g) = -g**2 + 4*g - 4. Let m be u(3). Let o be (m + -4)*(-4)/(-5). Let n = -2 - o. List the prime factors of n.
2
Suppose 0*r = 3*r + 21. Let p